is divided by 49.
38
Calculate the remainder when 3293597 is divided by 26.
21
Calculate the remainder when 157528 is divided by 78759.
10
What is the remainder when 10710 is divided by 389?
207
Calculate the remainder when 2448893 is divided by 293.
292
What is the remainder when 191855 is divided by 99?
92
Calculate the remainder when 156873 is divided by 11202.
45
What is the remainder when 13425 is divided by 1342?
5
What is the remainder when 7851 is divided by 3878?
95
What is the remainder when 54506 is divided by 102?
38
What is the remainder when 1746 is divided by 58?
6
What is the remainder when 9768 is divided by 14?
10
What is the remainder when 59198 is divided by 27?
14
Calculate the remainder when 272654 is divided by 4.
2
What is the remainder when 775 is divided by 22?
5
What is the remainder when 3128857 is divided by 3297?
4
Calculate the remainder when 17465 is divided by 8644.
177
What is the remainder when 11524 is divided by 5695?
134
Calculate the remainder when 171714 is divided by 954.
948
Calculate the remainder when 20631 is divided by 363.
303
What is the remainder when 20672 is divided by 211?
205
What is the remainder when 20900 is divided by 19?
0
What is the remainder when 3363 is divided by 690?
603
What is the remainder when 946 is divided by 127?
57
What is the remainder when 2352 is divided by 63?
21
What is the remainder when 742043 is divided by 19?
17
What is the remainder when 21181 is divided by 1521?
1408
Calculate the remainder when 3629 is divided by 367.
326
Calculate the remainder when 77776 is divided by 261.
259
Calculate the remainder when 7307 is divided by 1460.
7
Calculate the remainder when 206447 is divided by 24.
23
What is the remainder when 1803286 is divided by 38?
34
What is the remainder when 6102 is divided by 54?
0
Calculate the remainder when 115606 is divided by 3042.
10
Calculate the remainder when 156650 is divided by 125.
25
Calculate the remainder when 271542 is divided by 728.
726
Calculate the remainder when 31411 is divided by 113.
110
Calculate the remainder when 137557 is divided by 137553.
4
Calculate the remainder when 22035 is divided by 7288.
171
Calculate the remainder when 27298 is divided by 175.
173
What is the remainder when 11177 is divided by 64?
41
Calculate the remainder when 475 is divided by 113.
23
Calculate the remainder when 9812 is divided by 3675.
2462
What is the remainder when 1050 is divided by 388?
274
What is the remainder when 96584 is divided by 244?
204
What is the remainder when 14340 is divided by 4668?
336
Calculate the remainder when 16024 is divided by 14401.
1623
Calculate the remainder when 13052 is divided by 139.
125
What is the remainder when 10987 is divided by 2746?
3
Calculate the remainder when 81791 is divided by 3556.
3
Calculate the remainder when 619835 is divided by 27.
23
Calculate the remainder when 579997 is divided by 145.
142
Calculate the remainder when 212942 is divided by 10647.
2
What is the remainder when 28834 is divided by 1504?
258
What is the remainder when 6559 is divided by 2029?
472
Calculate the remainder when 182276 is divided by 1161.
1160
Calculate the remainder when 383718 is divided by 209.
203
Calculate the remainder when 5991 is divided by 306.
177
Calculate the remainder when 2846 is divided by 331.
198
What is the remainder when 2070818 is divided by 123?
113
What is the remainder when 4409 is divided by 2074?
261
Calculate the remainder when 78667 is divided by 7.
1
What is the remainder when 10817 is divided by 49?
37
What is the remainder when 780191 is divided by 130031?
5
What is the remainder when 1457 is divided by 361?
13
Calculate the remainder when 73467 is divided by 474.
471
What is the remainder when 8788 is divided by 921?
499
Calculate the remainder when 33157 is divided by 5526.
1
What is the remainder when 2773 is divided by 513?
208
Calculate the remainder when 362470 is divided by 81.
76
Calculate the remainder when 489417 is divided by 163137.
6
What is the remainder when 25323 is divided by 17?
10
Calculate the remainder when 344812 is divided by 344804.
8
Calculate the remainder when 3392 is divided by 684.
656
Calculate the remainder when 171083 is divided by 321.
311
What is the remainder when 93723 is divided by 219?
210
What is the remainder when 1119 is divided by 187?
184
Calculate the remainder when 2548 is divided by 2303.
245
Calculate the remainder when 141231 is divided by 10863.
12
Calculate the remainder when 2216 is divided by 71.
15
What is the remainder when 27182 is divided by 630?
92
Calculate the remainder when 204294 is divided by 10214.
14
Calculate the remainder when 1017 is divided by 15.
12
What is the remainder when 213341 is divided by 9?
5
What is the remainder when 1221467 is divided by 9?
5
What is the remainder when 117717 is divided by 1226?
21
What is the remainder when 12792 is divided by 6390?
12
Calculate the remainder when 8084 is divided by 26.
24
Calculate the remainder when 2453378 is divided by 509.
507
Calculate the remainder when 57394 is divided by 28662.
70
What is the remainder when 5393465 is divided by 41?
38
Calculate the remainder when 4811 is divided by 86.
81
Calculate the remainder when 296137 is divided by 74033.
5
Calculate the remainder when 177034 is divided by 127.
123
What is the remainder when 17530 is divided by 107?
89
Calculate the remainder when 4944 is divided by 814.
60
What is the remainder when 5100 is divided by 1627?
219
Calculate the remainder when 5561 is divided by 169.
153
What is the remainder when 683644 is divided by 54?
4
What is the remainder when 225918 is divided by 74?
70
What is the remainder when 1849 is divided by 29?
22
Calculate the remainder when 17209 is divided by 40.
9
What is the remainder when 4622 is divided by 595?
457
What is the remainder when 16252 is divided by 1628?
1600
Calculate the remainder when 18181 is divided by 551.
549
What is the remainder when 9065 is divided by 1780?
165
Calculate the remainder when 3816 is divided by 3812.
4
What is the remainder when 3035 is divided by 58?
19
What is the remainder when 57041 is divided by 2193?
23
What is the remainder when 816772 is divided by 145?
132
Calculate the remainder when 10323 is divided by 4732.
859
Calculate the remainder when 1847 is divided by 37.
34
What is the remainder when 6241 is divided by 1557?
13
Calculate the remainder when 10737 is divided by 894.
9
What is the remainder when 12732 is divided by 2319?
1137
Calculate the remainder when 37166 is divided by 15.
11
Calculate the remainder when 6469 is divided by 6087.
382
Calculate the remainder when 2990324 is divided by 66.
62
Calculate the remainder when 398 is divided by 115.
53
Calculate the remainder when 12394 is divided by 2441.
189
What is the remainder when 28233 is divided by 17?
13
Calculate the remainder when 9814 is divided by 751.
51
What is the remainder when 123632 is divided by 17660?
12
What is the remainder when 58308 is divided by 9?
6
What is the remainder when 418494 is divided by 14?
6
What is the remainder when 9224 is divided by 2303?
12
Calculate the remainder when 1002 is divided by 110.
12
What is the remainder when 7192 is divided by 71?
21
Calculate the remainder when 1822 is divided by 58.
24
What is the remainder when 2216 is divided by 2125?
91
Calculate the remainder when 1863 is divided by 70.
43
Calculate the remainder when 60474 is divided by 27.
21
Calculate the remainder when 1571400 is divided by 32.
8
What is the remainder when 12280 is divided by 1362?
22
Calculate the remainder when 19036 is divided by 9517.
2
What is the remainder when 30932 is divided by 63?
62
What is the remainder when 36785 is divided by 379?
22
Calculate the remainder when 51359 is divided by 96.
95
What is the remainder when 5268 is divided by 1048?
28
Calculate the remainder when 318979 is divided by 14499.
1
What is the remainder when 2103848 is divided by 35?
33
Calculate the remainder when 25398 is divided by 93.
9
Calculate the remainder when 2043 is divided by 259.
230
What is the remainder when 8581 is divided by 571?
16
What is the remainder when 73048 is divided by 319?
316
Calculate the remainder when 1787 is divided by 93.
20
Wh